7*w - 8. Suppose 8 = -3*p - 4. Let q be m(p). Let a be 7/(7/(-26))*-3. Calculate the highest common factor of a and q.
26
Let y(l) = -14*l - 54. Let d be y(-4). Let o be ((-70)/(-42))/(d/120). Calculate the highest common factor of o and 8.
4
Suppose 0 = 33*x - 494 - 364. Suppose 0 = 5*d - 429 + 104. Calculate the greatest common factor of d and x.
13
Let b(v) = -16*v**2 - 118*v - 7. Let z be b(-7). Suppose z*n = 1116 + 2979. What is the greatest common divisor of 36 and n?
9
Suppose 6*y + 23*y - 23166 = 3*y. What is the greatest common factor of 231 and y?
33
Suppose z = -l + 260, -z - 2*l + 115 = -140. Let v(f) = 16*f**2 - 204*f + 160. Let c be v(13). Calculate the highest common divisor of z and c.
53
Suppose 11*r + 3 = 135. Let b be (-2)/(-3 + 30/r) + 51. What is the highest common factor of b and 143?
11
Let o = 88 + -86. Suppose -3*l = o*u + 2*l - 109, 2*u + 2*l = 100. Calculate the highest common divisor of u and 141.
47
Let h = 1508 - -265. Calculate the highest common factor of h and 27.
9
Let a be 11*(0 + -1)*-17. Let b be (-4 - 0 - -9) + (-7 - -2). Suppose b = -14*k - 3*k + 289. Calculate the highest common divisor of a and k.
17
Let h(d) = 3*d - 9. Let m(o) = -64*o + 9 + o**2 + 55*o - 3. Let j be m(9). Let f be h(j). What is the highest common divisor of 36 and f?
9
Let o(z) = -7*z**3 - z**2 - z + 1. Let l be o(-2). Let b be 28/(-35)*5/(-10)*165. Calculate the highest common factor of l and b.
11
Let r = -40 + 38. Let n be ((-2 - r) + -2)*-1. Suppose -a + g + 6 = 0, -3*a + g - n = 3*g. Calculate the greatest common factor of a and 2.
2
Suppose -802*g - 4*p = -804*g + 3316, 0 = p - 6. Calculate the greatest common divisor of 170 and g.
10
Let o(p) = p - 17. Let k be o(22). Suppose 3*y - 104 = -3*n - n, -4*y + 87 = -k*n. What is the greatest common divisor of y and 12?
4
Let j(h) be the third derivative of -h**6/120 + h**5/4 - 13*h**4/24 + 9*h**3/2 + 4*h**2 + 5*h. Let z be j(14). What is the highest common factor of z and 451?
41
Suppose 3 = h + 1. Suppose -3*k - 2*b = -310, -7*k = -h*k + b - 519. What is the highest common divisor of k and 40?
8
Suppose -289*y + 5 = -288*y, -5*w + 3210 = -2*y. What is the highest common factor of 28 and w?
28
Let a be 0 - 288/(-2 + 0). Suppose -4*b - 12 = 0, b + 11 - a = -4*d. Suppose 5*z - 104 = -d. Calculate the greatest common factor of 70 and z.
14
Suppose 2*z - 2*q - 35 = -3*q, 2*q = 10. Let f = 1100 - 1085. What is the greatest common divisor of f and z?
15
Let m(b) = b**3 + 32*b**2 + 67*b + 1853. Let a be m(-28). What is the highest common divisor of 44 and a?
11
Let c = 21 - 10. Let h(n) = 7*n**3 - n**2 - 3*n + 1. Let d be h(1). Calculate the greatest common factor of d and c.
1
Let c = -7 - -10. Let l be (c/3)/((-2)/(-30)). Suppose -293*g = -219*g - 5550. Calculate the greatest common divisor of g and l.
15
Let s be (20/(-12))/((-5)/(-45)). Let d be -4 - (-4 - s/(-5)). Suppose -d*g = 2*m - 5, 3*m - 12 = -m - 4*g. What is the greatest common factor of 36 and m?
4
Suppose -235*s - 1394 = -236*s. What is the highest common divisor of s and 68?
34
Let s be ((-1060)/(-24))/((-25)/(-150)). What is the highest common factor of s and 25?
5
Suppose -135*q + 3514 + 1076 = 0. What is the highest common factor of 14297 and q?
17
Let y(s) = -s**2 + 103*s - 2001. Let z be y(26). Let h = 95 + -55. Calculate the greatest common divisor of h and z.
1
Let k = 20 + -19. Let l be (5/(-15))/(k/(-21)). Let b = -71 + 106. What is the greatest common factor of b and l?
7
Let i(d) = 3*d**2 + 27 - 22*d + 14*d + 10*d - 2*d**3. Let o be i(0). What is the highest common divisor of 729 and o?
27
Suppose -5*w - 3*d = -6*w + 2, 2*w - 2*d = 20. Calculate the greatest common factor of w and 189.
7
Let o(i) = 4*i**2 - 12*i - 12. Let w be o(4). Let p be 2*(w - 10)*(0 - 8). Calculate the highest common divisor of 6 and p.
6
Let t(r) = -3*r - 53. Let c be t(-24). Let d(s) = -30*s + 556. Let q be d(16). Calculate the highest common divisor of c and q.
19
Suppose -d + 21767 + 11061 = 5*x, 0 = 3*x - 2*d - 19702. Calculate the greatest common divisor of x and 134.
134
Let t(r) be the first derivative of 8*r**3 + 10*r**2 + 60*r - 324. Let i be t(-5). What is the greatest common divisor of 42 and i?
14
Let l = -3 - -139. Let x = 180 - l. Calculate the greatest common divisor of 352 and x.
44
Let g = 99 + -91. Suppose 0 = g*h - 39 - 3001. Calculate the highest common factor of h and 38.
38
Let k(f) = 2*f**2 - 27*f - 34. Let n be k(20). Let b = -107 + n. What is the highest common factor of b and 17?
17
Let w = -25 + 24. Let q be 53/((-134)/(-34) - 4)*w. What is the greatest common divisor of q and 53?
53
Let p be 2 - (9 + 1)/(-2). Let q(z) = -z**3 - 364*z**2 - 432*z - 24872. Let y be q(-363). What is the greatest common divisor of p and y?
7
Suppose -2*p + 3 = 4*o - 99, 4*o = 3*p - 133. What is the greatest common divisor of p and 9118?
47
Let g = -641 - -643. Calculate the greatest common factor of g and 2098.
2
Let u = -15580 + 15586. Calculate the highest common divisor of 184 and u.
2
Suppose 0 = -195*w + 1736 + 21859. Calculate the highest common factor of w and 1672.
11
Suppose 4*f - 3*r - 1653 = 913, -1930 = -3*f + 5*r. What is the highest common factor of 256 and f?
128
Let r be (-4)/(-18) + (-273)/(-189) + 184/3. What is the greatest common divisor of r and 49?
7
Let a(p) = -127*p + 145. Let s be a(1). Calculate the highest common factor of 10764 and s.
18
Let v(b) = b**3 + 10*b**2 + 23*b + 3. Let r be v(-4). Suppose 152 + 618 = r*k. What is the greatest common divisor of k and 385?
55
Suppose -3*p + 255 + 2305 = 4*o, 4*p = o - 640. Let t be ((-384)/(-3))/(0 - -22 - 1060/53). Calculate the highest common divisor of o and t.
64
Let o be (97008/(-4644))/(2/(-45)). What is the greatest common factor of o and 330?
10
Let t = -172 + 708. Let m be ((-5)/(40/t))/(-1). Calculate the highest common divisor of 536 and m.
67
Suppose 5*d = 15*m - 10*m + 5340, 5*m - 20 = 0. What is the highest common divisor of 112 and d?
16
Suppose 4*z - 6*z = -2*m - 746, 4*z + 1820 = -5*m. Let o = -258 - m. Let q(s) = -s**2 + 8*s - 2. Let h be q(6). What is the greatest common divisor of o and h?
10
Suppose 0*d = -d + 94. Suppose 358*f = 353*f + 320. Let u = d - f. Calculate the greatest common divisor of u and 60.
30
Let o(p) = p**3 - 10*p**2 + 11*p + 4. Let x be o(8). Let n = x + 41. Suppose 3*j + 216 = n*j. Calculate the highest common factor of 12 and j.
12
Let u(f) = -f**2 - 16*f - 63. Let o be u(-6). Let y(c) = 4*c + 12. Let p be y(o). Suppose p = 14*x - 15*x + 15. What is the highest common divisor of x and 135?
15
Suppose -6*c - 84 = -11*c + 8*p, p - 7 = 0. Calculate the highest common divisor of c and 3388.
28
Let p = -29 - -127. Suppose 3*i - 15 = -3. Suppose -4*t + 72 = i*x, 4*t = -t + 20. Calculate the highest common factor of x and p.
14
Let h = -320 - -356. Let z(b) = -8*b**3 + 1. Let g be 2/(-4) - (-2 + 4)/4. Let v be z(g). Calculate the greatest common divisor of v and h.
9
Suppose 5*o - 32 = -3*o. Let z = -882 - -910. Calculate the highest common divisor of z and o.
4
Suppose 9 = 5*p - 6. Let c be (4914/p)/6 + -2. Suppose j + 4*j = w - 301, -5*j = w - c. Calculate the highest common factor of w and 26.
26
Let j = -320 + 1216. Suppose 0 = d + 3*a - 58, 484*d + 5*a - 22 = 487*d. Calculate the highest common factor of j and d.
16
Let n(t) = -3*t + 83. Suppose -s + 3*i + 24 = 0, 3*i + 66 + 39 = 4*s. Let p be n(s). What is the greatest common divisor of 24 and p?
2
Let j(d) = 427*d - 2341. Let o be j(13). Calculate the greatest common factor of 6 and o.
6
Let c = 3117 - 1414. What is the highest common factor of 26 and c?
13
Let q(i) = -i + 5. Let m be q(-4). Let j(h) = 4*h - 12. Let s be j(m). Let t(w) = -2*w - 50. Let d be t(-29). Calculate the highest common divisor of s and d.
8
Suppose l - 6*l + o = -27, -9 = -l + 2*o. Suppose l*r - 1 = 9. Suppose -2*f + 6 = -4*m, -r*m + m + 4*f = 19. Calculate the greatest common factor of 4 and m.
1
Let m(s) = -579*s - 5. Let y be m(-1). Let u = -187 + y. Suppose 3*q - 106 = 23. What is the greatest common factor of u and q?
43
Let l(f) = -f + 4. Let n be l(-9). Suppose 147 + n = 5*s. Let r be (-14 + s)/(3/((-3)/(-2))). What is the greatest common divisor of 9 and r?
9
Let u(n) = -4*n - 30. Let h